hen 541751 is divided by 1956.
1895
What is the remainder when 19749558 is divided by 433?
428
Calculate the remainder when 1096583 is divided by 38.
17
What is the remainder when 33302 is divided by 1777?
1316
Calculate the remainder when 186015018 is divided by 5199.
5196
Calculate the remainder when 3284966 is divided by 36.
2
Calculate the remainder when 109297 is divided by 9936.
1
What is the remainder when 2099928 is divided by 361?
352
What is the remainder when 7684 is divided by 1516?
104
Calculate the remainder when 31783667 is divided by 1031.
1030
What is the remainder when 8993500 is divided by 8993475?
25
What is the remainder when 9242211 is divided by 18823?
118
Calculate the remainder when 73791065 is divided by 12298507.
23
Calculate the remainder when 6466976 is divided by 195968.
32
What is the remainder when 165007 is divided by 20584?
335
What is the remainder when 42117175 is divided by 8053?
8038
Calculate the remainder when 187051 is divided by 75.
1
Calculate the remainder when 55011 is divided by 27432.
147
What is the remainder when 707056 is divided by 99?
97
What is the remainder when 276177 is divided by 275821?
356
Calculate the remainder when 2122569 is divided by 33165.
9
Calculate the remainder when 9601752 is divided by 1031.
49
Calculate the remainder when 11589806 is divided by 8004.
14
What is the remainder when 30726902 is divided by 3840856?
54
Calculate the remainder when 341940 is divided by 22779.
255
Calculate the remainder when 262565 is divided by 260857.
1708
What is the remainder when 2861856 is divided by 557?
547
Calculate the remainder when 12200451 is divided by 222.
219
Calculate the remainder when 91485 is divided by 15198.
297
Calculate the remainder when 3106881 is divided by 1149.
1134
What is the remainder when 6557286 is divided by 84?
78
What is the remainder when 484195 is divided by 150?
145
What is the remainder when 200665 is divided by 22223?
658
Calculate the remainder when 198016 is divided by 467.
8
Calculate the remainder when 11535 is divided by 2878.
23
What is the remainder when 373575 is divided by 74686?
145
What is the remainder when 27008 is divided by 3125?
2008
Calculate the remainder when 48646379 is divided by 28683.
11
Calculate the remainder when 22024 is divided by 5660.
5044
Calculate the remainder when 6811716 is divided by 24.
12
Calculate the remainder when 9250362 is divided by 1556.
1498
Calculate the remainder when 3107815 is divided by 746.
725
Calculate the remainder when 767115 is divided by 416.
11
What is the remainder when 3692146 is divided by 37?
27
What is the remainder when 200345595 is divided by 449?
448
Calculate the remainder when 19138070 is divided by 520.
510
What is the remainder when 9807360 is divided by 12622?
66
What is the remainder when 84082988 is divided by 6979?
6975
What is the remainder when 3359983 is divided by 7?
4
Calculate the remainder when 137987 is divided by 550.
487
What is the remainder when 13163600 is divided by 5592?
32
Calculate the remainder when 4732326 is divided by 473231.
16
What is the remainder when 4504571 is divided by 1563?
5
What is the remainder when 2110271 is divided by 605?
31
Calculate the remainder when 10899 is divided by 3462.
513
What is the remainder when 1087022 is divided by 38?
32
What is the remainder when 2112943 is divided by 783?
409
What is the remainder when 180438 is divided by 172583?
7855
Calculate the remainder when 18076 is divided by 5972.
160
Calculate the remainder when 323561 is divided by 79.
56
Calculate the remainder when 10453773 is divided by 204.
201
What is the remainder when 60781785 is divided by 5015?
5000
Calculate the remainder when 1930813 is divided by 4913.
4
What is the remainder when 1619283 is divided by 170?
33
Calculate the remainder when 509993 is divided by 169994.
11
What is the remainder when 841072 is divided by 6675?
22
What is the remainder when 1245313 is divided by 414804?
901
Calculate the remainder when 1883316 is divided by 17601.
9
What is the remainder when 85332 is divided by 168?
156
Calculate the remainder when 4077118 is divided by 930.
928
Calculate the remainder when 2465415 is divided by 1284.
135
What is the remainder when 5726807 is divided by 517?
515
What is the remainder when 596201671 is divided by 339?
337
What is the remainder when 5195706 is divided by 65?
61
What is the remainder when 1574401 is divided by 136?
65
What is the remainder when 11266035 is divided by 3363?
3348
Calculate the remainder when 224130 is divided by 1344.
1026
What is the remainder when 235029 is divided by 19324?
3141
Calculate the remainder when 489274 is divided by 2602.
98
Calculate the remainder when 244137237 is divided by 2430.
2427
Calculate the remainder when 5868453 is divided by 47.
33
Calculate the remainder when 15859 is divided by 5183.
310
Calculate the remainder when 2113271 is divided by 86.
79
What is the remainder when 881428 is divided by 29?
2
What is the remainder when 713683 is divided by 22?
3
Calculate the remainder when 154467 is divided by 45.
27
What is the remainder when 10577018 is divided by 1018?
1016
Calculate the remainder when 2475316 is divided by 12565.
11
What is the remainder when 111156954 is divided by 55578470?
14
Calculate the remainder when 56326 is divided by 1989.
634
Calculate the remainder when 1394810 is divided by 464924.
38
Calculate the remainder when 680510 is divided by 4192.
1406
What is the remainder when 49150549 is divided by 2579?
2546
What is the remainder when 41813416 is divided by 139?
131
Calculate the remainder when 14466309 is divided by 84.
81
Calculate the remainder when 457570 is divided by 324.
82
What is the remainder when 286998410 is divided by 113?
106
Calculate the remainder when 352536 is divided by 11751.
6
What is the remainder when 56438906 is divided by 101?
5
Calculate the remainder when 742483 is divided by 2023.
42
Calculate the remainder when 694010696 is divided by 401.
397
Calculate the remainder when 12129457 is divided by 22.
21
Calculate the remainder when 24259569 is divided by 350.
19
Calculate the remainder when 6588546 is divided by 980.
6
What is the remainder when 804721 is divided by 268188?
157
Calculate the remainder when 41094 is divided by 20285.
524
What is the remainder when 331142 is divided by 229?
8
What is the remainder when 21617031 is divided by 3?
0
Calculate the remainder when 5397216 is divided by 61.
58
What is the remainder when 25023162 is divided by 133?
10
What is the remainder when 873715 is divided by 327?
298
Calculate the remainder when 30995 is divided by 243.
134
What is the remainder when 75652 is divided by 3969?
241
Calculate the remainder when 11514848 is divided by 11514835.
13
What is the remainder when 1705388 is divided by 21317?
28
What is the remainder when 19082363 is divided by 204?
203
What is the remainder when 103778 is divided by 458?
270
Calculate the remainder when 514841 is divided by 257337.
167
What is the remainder when 21524 is divided by 1642?
178
Calculate the remainder when 2899891 is divided by 1449941.
9
What is the remainder when 5374466 is divided by 2687230?
6
What is the remainder when 2065723 is divided by 8165?
8143
Calculate the remainder when 43002 is divided by 401.
95
Calculate the remainder when 56744 is divided by 2405.
1429
What is the remainder when 7030946 is divided by 8063?
10
Calculate the remainder when 111636773 is divided by 908.
897
Calculate the remainder when 1269416 is divided by 2071.
1964
Calculate the remainder when 445616 is divided by 3212.
2360
Calculate the remainder when 166577650 is divided by 83288793.
64
What is the remainder when 1039 is divided by 351?
337
Calculate the remainder when 5661574 is divided by 197.
188
What is the remainder when 356323 is divided by 1039?
985
Calculate the remainder when 87655 is divided by 14564.
271
What is the remainder when 124103 is divided by 977?
24
Calculate the remainder when 3419417 is divided by 2485.
57
Calculate the remainder when 18120078 is divided by 163.
20
What is the remainder when 52486 is divided by 3484?
226
Calculate the remainder when 103664 is divided by 25641.
1100
Calculate the remainder when 21700773 i